{"id":25,"date":"2022-06-30T23:00:06","date_gmt":"2022-07-01T02:00:06","guid":{"rendered":"https:\/\/drogariasemprebempremium.com.br\/?page_id=25"},"modified":"2024-09-20T11:59:17","modified_gmt":"2024-09-20T14:59:17","slug":"homepage","status":"publish","type":"page","link":"https:\/\/drogariasemprebempremium.com.br\/","title":{"rendered":"homepage"},"content":{"rendered":"<p>[et_pb_section fb_built=&#8221;1&#8243; _builder_version=&#8221;4.17.0&#8243; _module_preset=&#8221;default&#8221; global_colors_info=&#8221;{}&#8221;][et_pb_row _builder_version=&#8221;4.17.0&#8243; _module_preset=&#8221;default&#8221; global_colors_info=&#8221;{}&#8221;][et_pb_column type=&#8221;4_4&#8243; _builder_version=&#8221;4.17.0&#8243; _module_preset=&#8221;default&#8221; global_colors_info=&#8221;{}&#8221;][et_pb_image src=&#8221;https:\/\/drogariasemprebempremium.com.br\/wp-content\/uploads\/2022\/07\/Farm__cia_Popular.jpg&#8221; title_text=&#8221;Farm__cia_Popular&#8221; align=&#8221;center&#8221; _builder_version=&#8221;4.17.0&#8243; _module_preset=&#8221;default&#8221; width=&#8221;25%&#8221; width_tablet=&#8221;30%&#8221; width_phone=&#8221;70%&#8221; width_last_edited=&#8221;on|phone&#8221; border_radii=&#8221;on|10px|10px|10px|10px&#8221; global_colors_info=&#8221;{}&#8221;][\/et_pb_image][et_pb_text _builder_version=&#8221;4.17.0&#8243; _module_preset=&#8221;default&#8221; text_font=&#8221;Montserrat||||||||&#8221; text_text_color=&#8221;#4b4b4b&#8221; text_font_size=&#8221;18px&#8221; header_font=&#8221;Montserrat|700|||||||&#8221; header_text_align=&#8221;center&#8221; header_text_color=&#8221;#3d3d3d&#8221; header_font_size=&#8221;42px&#8221; text_orientation=&#8221;center&#8221; header_font_size_tablet=&#8221;42px&#8221; header_font_size_phone=&#8221;31px&#8221; header_font_size_last_edited=&#8221;on|phone&#8221; global_colors_info=&#8221;{}&#8221;]<\/p>\n<h1>Tudo que voc\u00ea procura para a sa\u00fade, cosm\u00e9ticos e bem estar, voc\u00ea encontra aqui.<\/h1>\n<p>Tudo que voc\u00ea precisar, a Drogaria Sempre Bem Premium tem e entrega para voc\u00ea. Visite nossas lojas ou compre agora no WhatsApp.<\/p>\n<p>[\/et_pb_text][et_pb_button button_url=&#8221;https:\/\/api.whatsapp.com\/send?phone=5562983467717&#038;text=Ol%C3%A1%20Drogaria%20Sempre%20Bem%20Premium.%20Gostaria%20de%20fazer%20um%20pedido%20pelo%20WhatsApp.&#8221; url_new_window=&#8221;on&#8221; button_text=&#8221;Pe\u00e7a agora pelo WhatsApp&#8221; button_alignment=&#8221;center&#8221; _builder_version=&#8221;4.17.0&#8243; _module_preset=&#8221;default&#8221; custom_button=&#8221;on&#8221; button_text_size=&#8221;18px&#8221; button_text_color=&#8221;#ffffff&#8221; button_bg_color=&#8221;#d3181b&#8221; button_border_width=&#8221;-18px&#8221; button_border_color=&#8221;#d3181b&#8221; button_border_radius=&#8221;40px&#8221; button_letter_spacing=&#8221;0px&#8221; button_font=&#8221;Montserrat|||on|||||&#8221; button_icon=&#8221;&#xf232;||fa||400&#8243; button_icon_color=&#8221;#FFFFFF&#8221; button_icon_placement=&#8221;left&#8221; button_on_hover=&#8221;off&#8221; background_layout=&#8221;dark&#8221; custom_margin=&#8221;||50px||false|false&#8221; custom_padding=&#8221;|30px||50px|false|false&#8221; button_text_size_tablet=&#8221;18px&#8221; button_text_size_phone=&#8221;14px&#8221; button_text_size_last_edited=&#8221;on|phone&#8221; global_colors_info=&#8221;{}&#8221;][\/et_pb_button][\/et_pb_column][\/et_pb_row][et_pb_row _builder_version=&#8221;4.17.0&#8243; _module_preset=&#8221;default&#8221; width=&#8221;66%&#8221; max_width=&#8221;1410px&#8221; module_alignment=&#8221;center&#8221; global_colors_info=&#8221;{}&#8221;][et_pb_column type=&#8221;4_4&#8243; _builder_version=&#8221;4.17.0&#8243; _module_preset=&#8221;default&#8221; global_colors_info=&#8221;{}&#8221;][dsm_image_carousel gallery_ids=&#8221;77,78,79,80,81,82,83,84,85,86,87,88,89,90,91,92,93,94&#8243; centered_slides=&#8221;on&#8221; slide_to_show=&#8221;5&#8243; slide_to_scroll=&#8221;2&#8243; speed=&#8221;500&#8243; autoplay_speed=&#8221;4000&#8243; dots=&#8221;off&#8221; _builder_version=&#8221;4.17.0&#8243; _module_preset=&#8221;default&#8221; global_colors_info=&#8221;{}&#8221;][\/dsm_image_carousel][\/et_pb_column][\/et_pb_row][et_pb_row _builder_version=&#8221;4.17.0&#8243; _module_preset=&#8221;default&#8221; global_colors_info=&#8221;{}&#8221;][et_pb_column type=&#8221;4_4&#8243; _builder_version=&#8221;4.17.0&#8243; _module_preset=&#8221;default&#8221; global_colors_info=&#8221;{}&#8221;][et_pb_text _builder_version=&#8221;4.17.0&#8243; _module_preset=&#8221;default&#8221; text_font=&#8221;Montserrat||||||||&#8221; text_text_color=&#8221;#4b4b4b&#8221; text_font_size=&#8221;18px&#8221; header_font=&#8221;Montserrat|700|||||||&#8221; header_text_align=&#8221;center&#8221; header_text_color=&#8221;#3d3d3d&#8221; header_font_size=&#8221;42px&#8221; text_orientation=&#8221;center&#8221; header_font_size_tablet=&#8221;42px&#8221; header_font_size_phone=&#8221;31px&#8221; header_font_size_last_edited=&#8221;on|phone&#8221; global_colors_info=&#8221;{}&#8221;]<\/p>\n<h1>Visite nossas Unidades<\/h1>\n<p>Para maior comodidade e facilidade, escolha a unidade mais pr\u00f3xima de voc\u00ea.<\/p>\n<p>[\/et_pb_text][\/et_pb_column][\/et_pb_row][et_pb_row _builder_version=&#8221;4.17.0&#8243; _module_preset=&#8221;default&#8221; width=&#8221;90%&#8221; max_width=&#8221;100%&#8221; global_colors_info=&#8221;{}&#8221;][et_pb_column type=&#8221;4_4&#8243; _builder_version=&#8221;4.17.0&#8243; _module_preset=&#8221;default&#8221; global_colors_info=&#8221;{}&#8221;][et_pb_code _builder_version=&#8221;4.17.0&#8243; _module_preset=&#8221;default&#8221; global_colors_info=&#8221;{}&#8221;]<iframe loading=\"lazy\" src=\"https:\/\/www.google.com\/maps\/d\/u\/0\/embed?mid=1RMT7jHvKxF2Tn1rRUJgXV95NlmqU3Rs&#038;ehbc=2E312F\" width=\"100%\" height=\"480\"><\/iframe>[\/et_pb_code][\/et_pb_column][\/et_pb_row][et_pb_row _builder_version=&#8221;4.17.0&#8243; _module_preset=&#8221;default&#8221; global_colors_info=&#8221;{}&#8221;][et_pb_column type=&#8221;4_4&#8243; _builder_version=&#8221;4.17.0&#8243; _module_preset=&#8221;default&#8221; global_colors_info=&#8221;{}&#8221;][et_pb_text _builder_version=&#8221;4.17.0&#8243; _module_preset=&#8221;default&#8221; text_font=&#8221;Montserrat||||||||&#8221; text_text_color=&#8221;#4b4b4b&#8221; text_font_size=&#8221;18px&#8221; header_font=&#8221;Montserrat|700|||||||&#8221; header_text_align=&#8221;center&#8221; header_text_color=&#8221;#3d3d3d&#8221; header_font_size=&#8221;42px&#8221; text_orientation=&#8221;center&#8221; header_font_size_tablet=&#8221;42px&#8221; header_font_size_phone=&#8221;31px&#8221; header_font_size_last_edited=&#8221;on|phone&#8221; global_colors_info=&#8221;{}&#8221;]<\/p>\n<h1>Tem alguma d\u00favida sobre seu medicamento ou precisa comprar on-line? Chame agora:<\/h1>\n<p>[\/et_pb_text][et_pb_button button_url=&#8221;https:\/\/api.whatsapp.com\/send?phone=5562983467717&#038;text=Ol%C3%A1%20Drogaria%20Sempre%20Bem%20Premium.%20Gostaria%20de%20fazer%20um%20pedido%20pelo%20WhatsApp.&#8221; url_new_window=&#8221;on&#8221; button_text=&#8221;Pe\u00e7a agora pelo WhatsApp&#8221; button_alignment=&#8221;center&#8221; _builder_version=&#8221;4.17.0&#8243; _module_preset=&#8221;default&#8221; custom_button=&#8221;on&#8221; button_text_size=&#8221;18px&#8221; button_text_color=&#8221;#ffffff&#8221; button_bg_color=&#8221;#d3181b&#8221; button_border_width=&#8221;-18px&#8221; button_border_color=&#8221;#d3181b&#8221; button_border_radius=&#8221;40px&#8221; button_letter_spacing=&#8221;0px&#8221; button_font=&#8221;Montserrat|||on|||||&#8221; button_icon=&#8221;&#xf232;||fa||400&#8243; button_icon_color=&#8221;#FFFFFF&#8221; button_icon_placement=&#8221;left&#8221; button_on_hover=&#8221;off&#8221; background_layout=&#8221;dark&#8221; custom_margin=&#8221;||50px||false|false&#8221; custom_padding=&#8221;|30px||50px|false|false&#8221; button_text_size_tablet=&#8221;18px&#8221; button_text_size_phone=&#8221;14px&#8221; button_text_size_last_edited=&#8221;on|phone&#8221; global_colors_info=&#8221;{}&#8221;][\/et_pb_button][\/et_pb_column][\/et_pb_row][\/et_pb_section]<\/p>\n","protected":false},"excerpt":{"rendered":"<p>Tudo que voc\u00ea procura para a sa\u00fade, cosm\u00e9ticos e bem estar, voc\u00ea encontra aqui. Tudo que voc\u00ea precisar, a Drogaria Sempre Bem Premium tem e entrega para voc\u00ea. Visite nossas lojas ou compre agora no WhatsApp.<div class=\"et_pb_module dsm_image_carousel dsm_image_carousel_0  dsm_image_carousel_arrow_outside dsm_image_carousel_arrow_mobile_inside \">\n\t\t\t\t\n\t\t\t\t\n\t\t\t\t\n\t\t\t\t\n\t\t\t\t\n\t\t\t\t\n\t\t\t\t<div class=\"et_pb_module_inner\">\n\t\t\t\t\t<div class=\"swiper-container dsm_image_carousel_container\" dir=\"ltr\" data-params=[{\"effect\":\"default\",\"slider_effect_shadows\":false,\"slider_effect_coverflow_rotate\":\"30\",\"slider_effect_coverflow_depth\":\"0\",\"loop\":true,\"slide_to_show\":\"5\",\"slide_to_show_tablet\":\"1\",\"slide_to_show_phone\":\"1\",\"slide_to_scroll\":\"2\",\"slide_to_scroll_tablet\":\"1\",\"slide_to_scroll_phone\":\"1\",\"space_between\":\"15\",\"space_between_tablet\":\"15\",\"space_between_phone\":\"15\",\"slide_row\":\"1\",\"centered_slides\":true,\"speed\":\"500\",\"autoplay\":true,\"autoplay_speed\":\"4000\",\"touch_move\":true,\"grab\":true,\"pause_on_hover\":false,\"show_lightbox\":false,\"lightbox_gallery\":\"false\",\"lightbox_caption\":\"false\",\"infinite_scrolling\":\"false\"}]><div class=\"swiper-wrapper\"><div class=\"swiper-slide dsm_image_carousel_item\"><img loading=\"lazy\" decoding=\"async\" src=\"https:\/\/drogariasemprebempremium.com.br\/wp-content\/uploads\/2022\/07\/granado.jpg\" alt=\"\" title=\"granado\" width=\"350\" height=\"250\" data-dsm-image-description=\"\" srcset=\"https:\/\/drogariasemprebempremium.com.br\/wp-content\/uploads\/2022\/07\/granado.jpg 350w, https:\/\/drogariasemprebempremium.com.br\/wp-content\/uploads\/2022\/07\/granado-300x214.jpg 300w\" sizes=\"(max-width: 350px) 100vw, 350px\" class=\"swiper-lazy\" \/><\/div><div class=\"swiper-slide dsm_image_carousel_item\"><img loading=\"lazy\" decoding=\"async\" src=\"https:\/\/drogariasemprebempremium.com.br\/wp-content\/uploads\/2022\/07\/colgate.jpg\" alt=\"\" title=\"colgate\" width=\"350\" height=\"250\" data-dsm-image-description=\"\" srcset=\"https:\/\/drogariasemprebempremium.com.br\/wp-content\/uploads\/2022\/07\/colgate.jpg 350w, https:\/\/drogariasemprebempremium.com.br\/wp-content\/uploads\/2022\/07\/colgate-300x214.jpg 300w\" sizes=\"(max-width: 350px) 100vw, 350px\" class=\"swiper-lazy\" \/><\/div><div class=\"swiper-slide dsm_image_carousel_item\"><img loading=\"lazy\" decoding=\"async\" src=\"https:\/\/drogariasemprebempremium.com.br\/wp-content\/uploads\/2022\/07\/intimus.jpg\" alt=\"\" title=\"intimus\" width=\"350\" height=\"250\" data-dsm-image-description=\"\" srcset=\"https:\/\/drogariasemprebempremium.com.br\/wp-content\/uploads\/2022\/07\/intimus.jpg 350w, https:\/\/drogariasemprebempremium.com.br\/wp-content\/uploads\/2022\/07\/intimus-300x214.jpg 300w\" sizes=\"(max-width: 350px) 100vw, 350px\" class=\"swiper-lazy\" \/><\/div><div class=\"swiper-slide dsm_image_carousel_item\"><img loading=\"lazy\" decoding=\"async\" src=\"https:\/\/drogariasemprebempremium.com.br\/wp-content\/uploads\/2022\/07\/pantene.jpg\" alt=\"\" title=\"pantene\" width=\"350\" height=\"250\" data-dsm-image-description=\"\" srcset=\"https:\/\/drogariasemprebempremium.com.br\/wp-content\/uploads\/2022\/07\/pantene.jpg 350w, https:\/\/drogariasemprebempremium.com.br\/wp-content\/uploads\/2022\/07\/pantene-300x214.jpg 300w\" sizes=\"(max-width: 350px) 100vw, 350px\" class=\"swiper-lazy\" \/><\/div><div class=\"swiper-slide dsm_image_carousel_item\"><img loading=\"lazy\" decoding=\"async\" src=\"https:\/\/drogariasemprebempremium.com.br\/wp-content\/uploads\/2022\/07\/neoquimica.jpg\" alt=\"\" title=\"neoquimica\" width=\"350\" height=\"250\" data-dsm-image-description=\"\" srcset=\"https:\/\/drogariasemprebempremium.com.br\/wp-content\/uploads\/2022\/07\/neoquimica.jpg 350w, https:\/\/drogariasemprebempremium.com.br\/wp-content\/uploads\/2022\/07\/neoquimica-300x214.jpg 300w\" sizes=\"(max-width: 350px) 100vw, 350px\" class=\"swiper-lazy\" \/><\/div><div class=\"swiper-slide dsm_image_carousel_item\"><img loading=\"lazy\" decoding=\"async\" src=\"https:\/\/drogariasemprebempremium.com.br\/wp-content\/uploads\/2022\/07\/mantecorp.jpg\" alt=\"\" title=\"mantecorp\" width=\"350\" height=\"250\" data-dsm-image-description=\"\" srcset=\"https:\/\/drogariasemprebempremium.com.br\/wp-content\/uploads\/2022\/07\/mantecorp.jpg 350w, https:\/\/drogariasemprebempremium.com.br\/wp-content\/uploads\/2022\/07\/mantecorp-300x214.jpg 300w\" sizes=\"(max-width: 350px) 100vw, 350px\" class=\"swiper-lazy\" \/><\/div><div class=\"swiper-slide dsm_image_carousel_item\"><img loading=\"lazy\" decoding=\"async\" src=\"https:\/\/drogariasemprebempremium.com.br\/wp-content\/uploads\/2022\/07\/unilever.jpg\" alt=\"\" title=\"unilever\" width=\"350\" height=\"250\" data-dsm-image-description=\"\" srcset=\"https:\/\/drogariasemprebempremium.com.br\/wp-content\/uploads\/2022\/07\/unilever.jpg 350w, https:\/\/drogariasemprebempremium.com.br\/wp-content\/uploads\/2022\/07\/unilever-300x214.jpg 300w\" sizes=\"(max-width: 350px) 100vw, 350px\" class=\"swiper-lazy\" \/><\/div><div class=\"swiper-slide dsm_image_carousel_item\"><img loading=\"lazy\" decoding=\"async\" src=\"https:\/\/drogariasemprebempremium.com.br\/wp-content\/uploads\/2022\/07\/vult.jpg\" alt=\"\" title=\"vult\" width=\"350\" height=\"250\" data-dsm-image-description=\"\" srcset=\"https:\/\/drogariasemprebempremium.com.br\/wp-content\/uploads\/2022\/07\/vult.jpg 350w, https:\/\/drogariasemprebempremium.com.br\/wp-content\/uploads\/2022\/07\/vult-300x214.jpg 300w\" sizes=\"(max-width: 350px) 100vw, 350px\" class=\"swiper-lazy\" \/><\/div><div class=\"swiper-slide dsm_image_carousel_item\"><img loading=\"lazy\" decoding=\"async\" src=\"https:\/\/drogariasemprebempremium.com.br\/wp-content\/uploads\/2022\/07\/bioextratus.jpg\" alt=\"\" title=\"bioextratus\" width=\"350\" height=\"250\" data-dsm-image-description=\"\" srcset=\"https:\/\/drogariasemprebempremium.com.br\/wp-content\/uploads\/2022\/07\/bioextratus.jpg 350w, https:\/\/drogariasemprebempremium.com.br\/wp-content\/uploads\/2022\/07\/bioextratus-300x214.jpg 300w\" sizes=\"(max-width: 350px) 100vw, 350px\" class=\"swiper-lazy\" \/><\/div><div class=\"swiper-slide dsm_image_carousel_item\"><img loading=\"lazy\" decoding=\"async\" src=\"https:\/\/drogariasemprebempremium.com.br\/wp-content\/uploads\/2022\/07\/eudora.jpg\" alt=\"\" title=\"eudora\" width=\"350\" height=\"250\" data-dsm-image-description=\"\" srcset=\"https:\/\/drogariasemprebempremium.com.br\/wp-content\/uploads\/2022\/07\/eudora.jpg 350w, https:\/\/drogariasemprebempremium.com.br\/wp-content\/uploads\/2022\/07\/eudora-300x214.jpg 300w\" sizes=\"(max-width: 350px) 100vw, 350px\" class=\"swiper-lazy\" \/><\/div><div class=\"swiper-slide dsm_image_carousel_item\"><img loading=\"lazy\" decoding=\"async\" src=\"https:\/\/drogariasemprebempremium.com.br\/wp-content\/uploads\/2022\/07\/loreal.jpg\" alt=\"\" title=\"loreal\" width=\"350\" height=\"250\" data-dsm-image-description=\"\" srcset=\"https:\/\/drogariasemprebempremium.com.br\/wp-content\/uploads\/2022\/07\/loreal.jpg 350w, https:\/\/drogariasemprebempremium.com.br\/wp-content\/uploads\/2022\/07\/loreal-300x214.jpg 300w\" sizes=\"(max-width: 350px) 100vw, 350px\" class=\"swiper-lazy\" \/><\/div><div class=\"swiper-slide dsm_image_carousel_item\"><img loading=\"lazy\" decoding=\"async\" src=\"https:\/\/drogariasemprebempremium.com.br\/wp-content\/uploads\/2022\/07\/pfizer.jpg\" alt=\"\" title=\"pfizer\" width=\"350\" height=\"250\" data-dsm-image-description=\"\" srcset=\"https:\/\/drogariasemprebempremium.com.br\/wp-content\/uploads\/2022\/07\/pfizer.jpg 350w, https:\/\/drogariasemprebempremium.com.br\/wp-content\/uploads\/2022\/07\/pfizer-300x214.jpg 300w\" sizes=\"(max-width: 350px) 100vw, 350px\" class=\"swiper-lazy\" \/><\/div><div class=\"swiper-slide dsm_image_carousel_item\"><img loading=\"lazy\" decoding=\"async\" src=\"https:\/\/drogariasemprebempremium.com.br\/wp-content\/uploads\/2022\/07\/teuto.jpg\" alt=\"\" title=\"teuto\" width=\"350\" height=\"250\" data-dsm-image-description=\"\" srcset=\"https:\/\/drogariasemprebempremium.com.br\/wp-content\/uploads\/2022\/07\/teuto.jpg 350w, https:\/\/drogariasemprebempremium.com.br\/wp-content\/uploads\/2022\/07\/teuto-300x214.jpg 300w\" sizes=\"(max-width: 350px) 100vw, 350px\" class=\"swiper-lazy\" \/><\/div><div class=\"swiper-slide dsm_image_carousel_item\"><img loading=\"lazy\" decoding=\"async\" src=\"https:\/\/drogariasemprebempremium.com.br\/wp-content\/uploads\/2022\/07\/biosinetica.jpg\" alt=\"\" title=\"biosinetica\" width=\"350\" height=\"250\" data-dsm-image-description=\"\" srcset=\"https:\/\/drogariasemprebempremium.com.br\/wp-content\/uploads\/2022\/07\/biosinetica.jpg 350w, https:\/\/drogariasemprebempremium.com.br\/wp-content\/uploads\/2022\/07\/biosinetica-300x214.jpg 300w\" sizes=\"(max-width: 350px) 100vw, 350px\" class=\"swiper-lazy\" \/><\/div><div class=\"swiper-slide dsm_image_carousel_item\"><img loading=\"lazy\" decoding=\"async\" src=\"https:\/\/drogariasemprebempremium.com.br\/wp-content\/uploads\/2022\/07\/ache.jpg\" alt=\"\" title=\"ache\" width=\"350\" height=\"250\" data-dsm-image-description=\"\" srcset=\"https:\/\/drogariasemprebempremium.com.br\/wp-content\/uploads\/2022\/07\/ache.jpg 350w, https:\/\/drogariasemprebempremium.com.br\/wp-content\/uploads\/2022\/07\/ache-300x214.jpg 300w\" sizes=\"(max-width: 350px) 100vw, 350px\" class=\"swiper-lazy\" \/><\/div><div class=\"swiper-slide dsm_image_carousel_item\"><img loading=\"lazy\" decoding=\"async\" src=\"https:\/\/drogariasemprebempremium.com.br\/wp-content\/uploads\/2022\/07\/eurofarma.jpg\" alt=\"\" title=\"eurofarma\" width=\"350\" height=\"250\" data-dsm-image-description=\"\" srcset=\"https:\/\/drogariasemprebempremium.com.br\/wp-content\/uploads\/2022\/07\/eurofarma.jpg 350w, https:\/\/drogariasemprebempremium.com.br\/wp-content\/uploads\/2022\/07\/eurofarma-300x214.jpg 300w\" sizes=\"(max-width: 350px) 100vw, 350px\" class=\"swiper-lazy\" \/><\/div><div class=\"swiper-slide dsm_image_carousel_item\"><img loading=\"lazy\" decoding=\"async\" src=\"https:\/\/drogariasemprebempremium.com.br\/wp-content\/uploads\/2022\/07\/cimed.jpg\" alt=\"\" title=\"cimed\" width=\"350\" height=\"250\" data-dsm-image-description=\"\" srcset=\"https:\/\/drogariasemprebempremium.com.br\/wp-content\/uploads\/2022\/07\/cimed.jpg 350w, https:\/\/drogariasemprebempremium.com.br\/wp-content\/uploads\/2022\/07\/cimed-300x214.jpg 300w\" sizes=\"(max-width: 350px) 100vw, 350px\" class=\"swiper-lazy\" \/><\/div><div class=\"swiper-slide dsm_image_carousel_item\"><img loading=\"lazy\" decoding=\"async\" src=\"https:\/\/drogariasemprebempremium.com.br\/wp-content\/uploads\/2022\/07\/ems.jpg\" alt=\"\" title=\"ems\" width=\"350\" height=\"250\" data-dsm-image-description=\"\" srcset=\"https:\/\/drogariasemprebempremium.com.br\/wp-content\/uploads\/2022\/07\/ems.jpg 350w, https:\/\/drogariasemprebempremium.com.br\/wp-content\/uploads\/2022\/07\/ems-300x214.jpg 300w\" sizes=\"(max-width: 350px) 100vw, 350px\" class=\"swiper-lazy\" \/><\/div><\/div><\/div><div class=\"swiper-button-prev\"><\/div><div class=\"swiper-button-next\"><\/div>\n\t\t\t\t<\/div>\n\t\t\t<\/div>Visite nossas Unidades Para maior comodidade e facilidade, escolha a [&hellip;]<\/p>\n","protected":false},"author":1,"featured_media":0,"parent":0,"menu_order":0,"comment_status":"closed","ping_status":"closed","template":"","meta":{"_et_pb_use_builder":"on","_et_pb_old_content":"","_et_gb_content_width":"","footnotes":""},"class_list":["post-25","page","type-page","status-publish","hentry"],"aioseo_notices":[],"_links":{"self":[{"href":"https:\/\/drogariasemprebempremium.com.br\/index.php?rest_route=\/wp\/v2\/pages\/25"}],"collection":[{"href":"https:\/\/drogariasemprebempremium.com.br\/index.php?rest_route=\/wp\/v2\/pages"}],"about":[{"href":"https:\/\/drogariasemprebempremium.com.br\/index.php?rest_route=\/wp\/v2\/types\/page"}],"author":[{"embeddable":true,"href":"https:\/\/drogariasemprebempremium.com.br\/index.php?rest_route=\/wp\/v2\/users\/1"}],"replies":[{"embeddable":true,"href":"https:\/\/drogariasemprebempremium.com.br\/index.php?rest_route=%2Fwp%2Fv2%2Fcomments&post=25"}],"version-history":[{"count":28,"href":"https:\/\/drogariasemprebempremium.com.br\/index.php?rest_route=\/wp\/v2\/pages\/25\/revisions"}],"predecessor-version":[{"id":134,"href":"https:\/\/drogariasemprebempremium.com.br\/index.php?rest_route=\/wp\/v2\/pages\/25\/revisions\/134"}],"wp:attachment":[{"href":"https:\/\/drogariasemprebempremium.com.br\/index.php?rest_route=%2Fwp%2Fv2%2Fmedia&parent=25"}],"curies":[{"name":"wp","href":"https:\/\/api.w.org\/{rel}","templated":true}]}}